{"id":53,"date":"2020-03-20T10:28:24","date_gmt":"2020-03-20T12:28:24","guid":{"rendered":"http:\/\/bioineksas.lt\/?page_id=53"},"modified":"2020-03-20T11:01:01","modified_gmt":"2020-03-20T13:01:01","slug":"apie-mus","status":"publish","type":"page","link":"https:\/\/bioineksas.lt\/index.php\/apie-mus\/","title":{"rendered":"Apie mus"},"content":{"rendered":"\n<p> Kompanija UAB BIOINEKSAS  \u012fsteigta 2019 metais.\u00a0Nuo 2020 met\u0173 bioskaid\u017eias atliekas perdirbame \u012f kompost\u0105. <br>Veikl\u0105 vykdome dvejose, pagal visus specializuotai komposto gamybai keliamus aplinkosauginius reikalavimus \u012frengtose aik\u0161tel\u0117se Vilniuje ir \u0160ven\u010dion\u0117liuose.  <\/p>\n\n\n\n<p> M\u016bs\u0173 tikslas \u2013 tinkamai perdirbti biologi\u0161kai suyran\u010dias atliekas ir gaminti ES reikalavimus atitinkant\u012f auk\u0161tos kokyb\u0117s kompost\u0105, kuris gali b\u016bti naudojamas techninei augalininkystei, miesto park\u0173, \u017eeldini\u0173, g\u0117lyn\u0173 tvarkymui, pakeli\u0173 ap\u017eeldinimui, savartyn\u0173 ir karjer\u0173, bei sunaikint\u0173 \u017eemi\u0173 rekultyvavimui.  <\/p>\n\n\n\n<p>\n\nM\u016bs\u0173 \u012fmon\u0117 turi visus leidimus, reikalingus vykdomai veiklai, yra \u012fregistruota Aplinkos apsaugos ministerijos atliekas tvarkan\u010di\u0173 \u012fmoni\u0173 registre, o veikloje taikomos technologijos atitinka Europos S\u0105jungos standartus.\n\n<\/p>\n","protected":false},"excerpt":{"rendered":"<p>Kompanija UAB BIOINEKSAS \u012fsteigta 2019 metais.\u00a0Nuo 2020 met\u0173 bioskaid\u017eias atliekas perdirbame \u012f kompost\u0105. Veikl\u0105 vykdome dvejose, pagal visus specializuotai komposto gamybai keliamus aplinkosauginius reikalavimus \u012frengtose aik\u0161tel\u0117se Vilniuje ir \u0160ven\u010dion\u0117liuose. M\u016bs\u0173 tikslas \u2013 tinkamai perdirbti biologi\u0161kai suyran\u010dias atliekas ir gaminti ES reikalavimus atitinkant\u012f auk\u0161tos kokyb\u0117s kompost\u0105, kuris gali b\u016bti naudojamas techninei augalininkystei, miesto park\u0173, \u017eeldini\u0173, g\u0117lyn\u0173 tvarkymui, pakeli\u0173 ap\u017eeldinimui, savartyn\u0173 ir karjer\u0173, bei sunaikint\u0173 \u017eemi\u0173 rekultyvavimui. M\u016bs\u0173 \u012fmon\u0117 turi visus leidimus,<\/p>\n<div class=\"read-more\"><a class=\"btn read-more-btn\" href=\"https:\/\/bioineksas.lt\/index.php\/apie-mus\/\">Read More<\/a><\/div>\n","protected":false},"author":1,"featured_media":0,"parent":0,"menu_order":0,"comment_status":"closed","ping_status":"closed","template":"","meta":{"footnotes":""},"class_list":["post-53","page","type-page","status-publish","hentry"],"_links":{"self":[{"href":"https:\/\/bioineksas.lt\/index.php\/wp-json\/wp\/v2\/pages\/53","targetHints":{"allow":["GET"]}}],"collection":[{"href":"https:\/\/bioineksas.lt\/index.php\/wp-json\/wp\/v2\/pages"}],"about":[{"href":"https:\/\/bioineksas.lt\/index.php\/wp-json\/wp\/v2\/types\/page"}],"author":[{"embeddable":true,"href":"https:\/\/bioineksas.lt\/index.php\/wp-json\/wp\/v2\/users\/1"}],"replies":[{"embeddable":true,"href":"https:\/\/bioineksas.lt\/index.php\/wp-json\/wp\/v2\/comments?post=53"}],"version-history":[{"count":2,"href":"https:\/\/bioineksas.lt\/index.php\/wp-json\/wp\/v2\/pages\/53\/revisions"}],"predecessor-version":[{"id":69,"href":"https:\/\/bioineksas.lt\/index.php\/wp-json\/wp\/v2\/pages\/53\/revisions\/69"}],"wp:attachment":[{"href":"https:\/\/bioineksas.lt\/index.php\/wp-json\/wp\/v2\/media?parent=53"}],"curies":[{"name":"wp","href":"https:\/\/api.w.org\/{rel}","templated":true}]}}